 is divided by 2763?
1468
What is the remainder when 1736537 is divided by 92?
37
What is the remainder when 291431 is divided by 1261?
140
Calculate the remainder when 214660 is divided by 4961.
1337
Calculate the remainder when 96631 is divided by 2846.
2713
Calculate the remainder when 42336805 is divided by 69.
61
What is the remainder when 630117 is divided by 524?
269
Calculate the remainder when 2760704 is divided by 189.
170
What is the remainder when 555399 is divided by 277674?
51
What is the remainder when 97282 is divided by 329?
227
Calculate the remainder when 93997 is divided by 158.
145
Calculate the remainder when 178261 is divided by 291.
169
What is the remainder when 1043694 is divided by 493?
13
Calculate the remainder when 268789 is divided by 33571.
221
What is the remainder when 62175079 is divided by 406373?
10
Calculate the remainder when 1278622 is divided by 151.
105
Calculate the remainder when 2316666 is divided by 397.
171
Calculate the remainder when 525172 is divided by 262251.
670
Calculate the remainder when 2839592 is divided by 959.
952
Calculate the remainder when 34812 is divided by 212.
44
What is the remainder when 2070320 is divided by 230024?
104
Calculate the remainder when 14035106 is divided by 238.
8
What is the remainder when 2523255 is divided by 2523239?
16
What is the remainder when 7063509 is divided by 243569?
8
What is the remainder when 1499537 is divided by 499704?
425
Calculate the remainder when 294043 is divided by 22618.
9
Calculate the remainder when 729949806 is divided by 10292.
10290
What is the remainder when 2314309127 is divided by 138?
137
Calculate the remainder when 1560139 is divided by 792.
691
What is the remainder when 11508724 is divided by 68?
64
What is the remainder when 17839468 is divided by 5946476?
40
Calculate the remainder when 89925 is divided by 1353.
627
What is the remainder when 3490232 is divided by 1163245?
497
What is the remainder when 68348583 is divided by 25?
8
Calculate the remainder when 9961489 is divided by 5367.
337
Calculate the remainder when 55446 is divided by 48967.
6479
What is the remainder when 6266873 is divided by 2088611?
1040
What is the remainder when 5578572 is divided by 1431?
534
Calculate the remainder when 1249611 is divided by 2499.
111
Calculate the remainder when 4776098 is divided by 955217.
13
Calculate the remainder when 3178913 is divided by 541.
538
What is the remainder when 5132406 is divided by 513235?
56
Calculate the remainder when 1203029 is divided by 4236.
5
Calculate the remainder when 10899014 is divided by 1362375.
14
Calculate the remainder when 117112 is divided by 84.
16
What is the remainder when 3714114 is divided by 707?
243
What is the remainder when 2609002 is divided by 10?
2
What is the remainder when 11024504 is divided by 282?
278
What is the remainder when 122474 is divided by 213?
212
Calculate the remainder when 2123669 is divided by 493.
318
Calculate the remainder when 229558735 is divided by 3446.
3445
Calculate the remainder when 4970759 is divided by 377.
14
What is the remainder when 7528017 is divided by 684356?
101
Calculate the remainder when 27803328 is divided by 27.
24
What is the remainder when 20672131 is divided by 93?
91
Calculate the remainder when 65037 is divided by 464.
77
Calculate the remainder when 339570 is divided by 462.
0
What is the remainder when 102912 is divided by 1284?
192
What is the remainder when 840884 is divided by 39?
5
What is the remainder when 161567 is divided by 199?
178
Calculate the remainder when 871151 is divided by 394.
17
Calculate the remainder when 1072437 is divided by 35.
2
Calculate the remainder when 902791 is divided by 23757.
25
Calculate the remainder when 312882 is divided by 2194.
1334
Calculate the remainder when 822938 is divided by 164565.
113
What is the remainder when 1916265 is divided by 2680?
65
Calculate the remainder when 2435143 is divided by 121.
18
Calculate the remainder when 10823312 is divided by 1202585.
47
What is the remainder when 231787 is divided by 15274?
2677
What is the remainder when 12611 is divided by 167?
86
Calculate the remainder when 546413 is divided by 181948.
569
Calculate the remainder when 14040286 is divided by 4229.
6
What is the remainder when 760761 is divided by 4555?
76
What is the remainder when 3808977 is divided by 341?
7
Calculate the remainder when 28141511 is divided by 2010103.
69
What is the remainder when 26970857 is divided by 401?
399
What is the remainder when 3341236 is divided by 278425?
136
Calculate the remainder when 315708 is divided by 1295.
1023
What is the remainder when 6418593 is divided by 94?
85
Calculate the remainder when 183206 is divided by 39.
23
What is the remainder when 39006 is divided by 88?
22
Calculate the remainder when 534895 is divided by 1934.
1111
What is the remainder when 5193479 is divided by 818?
815
What is the remainder when 39018279 is divided by 14?
13
What is the remainder when 105686 is divided by 157?
25
What is the remainder when 1615910 is divided by 146845?
615
Calculate the remainder when 8114404 is divided by 441.
4
Calculate the remainder when 990911 is divided by 272.
15
What is the remainder when 82705692 is divided by 3220?
3212
What is the remainder when 11681839 is divided by 112?
15
What is the remainder when 501514 is divided by 5169?
121
Calculate the remainder when 316053 is divided by 1477.
1452
What is the remainder when 3567366 is divided by 82956?
258
What is the remainder when 238984 is divided by 1213?
23
Calculate the remainder when 113575502 is divided by 22715095.
27
Calculate the remainder when 75246 is divided by 2280.
6
Calculate the remainder when 99042254 is divided by 23.
22
What is the remainder when 61769418 is divided by 107425?
43
What is the remainder when 149706 is divided by 2722?
2718
What is the remainder when 7649474 is divided by 502?
500
Calculate the remainder when 75676559 is divided by 10.
9
What is the remainder when 378446 is divided by 378180?
266
Calculate the remainder when 22448552 is divided by 6903.
6899
What is the remainder when 15421250 is divided by 811635?
185
What is the remainder when 116829694 is divided by 17?
16
Calculate the remainder when 4332448 is divided by 470.
458
What is the remainder when 6677190 is divided by 237?
189
What is the remainder when 141282562 is divided by 883016?
2
Calculate the remainder when 206924688 is divided by 2.
0
Calculate the remainder when 1974788 is divided by 986396.
1996
Calculate the remainder when 287912978 is divided by 131.
130
Calculate the remainder when 8240241 is divided by 1655.
1651
Calculate the remainder when 473879 is divided by 157957.
8
Calculate the remainder when 484642 is divided by 193.
19
Calculate the remainder when 1133042 is divided by 297.
284
Calculate the remainder when 1364017 is divided by 48.
1
Calculate the remainder when 4732105 is divided by 18.
13
Calculate the remainder when 3892 is divided by 241.
36
What is the remainder when 351391 is divided by 1015?
201
Calculate the remainder when 55061 is divided by 13.
6
What is the remainder when 349768948 is divided by 20?
8
Calculate the remainder when 57707302 is divided by 32.
6
What is the remainder when 4277517 is divided by 1069319?
241
Calculate the remainder when 249401 is divided by 60.
41
Calculate the remainder when 32976544 is divided by 53.
50
What is the remainder when 9169487 is divided by 84122?
189
Calculate the remainder when 4216668 is divided by 32.
28
Calculate the remainder when 6596051 is divided by 34.
17
What is the remainder when 4613149 is divided by 18?
1
What is the remainder when 27490408 is divided by 158?
146
Calculate the remainder when 39771 is divided by 3821.
1561
What is the remainder when 330796 is divided by 1532?
1416
What is the remainder when 15196656 is divided by 531?
498
Calculate the remainder when 78376245 is divided by 1812.
1809
Calculate the remainder when 85704 is divided by 28177.
1173
What is the remainder when 2279550 is divided by 261?
237
What is the remainder when 2477647 is divided by 5631?
7
What is the remainder when 516925 is divided by 250?
175
What is the remainder when 50851707 is divided by 70?
6